 common divisor of 209 and w?
19
Let w(s) = s**3 - 10*s**2 + 11*s - 9. Let f be w(9). Calculate the greatest common factor of 9 and f.
9
Let f(i) = 9*i - 10. Let s be f(8). Calculate the greatest common factor of s and 31.
31
Suppose -5*l = -294 - 6. Calculate the highest common divisor of l and 12.
12
Let p(j) = j**3 - 8*j**2 - 4*j - 12. Let g be p(9). Calculate the greatest common factor of 330 and g.
33
Let q = -18 + 30. Let f(j) = j**3 + 96. Let c be f(0). Calculate the greatest common factor of c and q.
12
Let g be 10/4*(-16 - -46). Let i be (9 - 0)*(-5)/(-3). What is the highest common divisor of i and g?
15
Let a(t) = 5*t - 1. Let b be a(5). Suppose 0 = 3*o - 0*o - 3, 5*r - 27 = 3*o. What is the greatest common divisor of r and b?
6
Let k(w) = w**2 - 13*w - 17. Let i be k(15). Let a = i - 1. Suppose 90 = b + 30. Calculate the highest common divisor of a and b.
12
Let a(r) = -11*r + 27. Let d be a(-18). What is the greatest common divisor of 25 and d?
25
Let u(o) = o**3 - 25*o**2 - 25*o. Let n be u(26). Let h be 2 + 10 + 1 + 0. What is the greatest common factor of h and n?
13
Let r be 39*(-2 + (-30)/(-9)). Suppose 4*i - 72 = -4*q, -i + 16 = 5*q - 54. What is the greatest common factor of r and q?
13
Suppose 0 = 3*m - 21 + 3. Suppose -m + 3 = -c. Calculate the highest common factor of c and 18.
3
Let f = 84 - -51. Suppose -3*l + l + 54 = 0. Calculate the greatest common divisor of f and l.
27
Suppose -2*d + 3*d = 20. Let l(s) be the second derivative of 29*s**4/12 + s**2/2 - s. Let u be l(1). What is the greatest common divisor of u and d?
10
Suppose 4*v = 5*w - 75, -54 = -4*w - 4*v + 6*v. Suppose 5*a - 9 = 46. What is the highest common factor of w and a?
11
Suppose 5*y + 4*h - 36 = 0, 4*h = -4*y + 3*h + 20. Let i = y + -1. Suppose 90 = x - v, -x + 2*x + i*v = 94. Calculate the highest common divisor of 13 and x.
13
Suppose 4*w + 4*f = 84, -w + 4*w - 3*f - 39 = 0. Let h(p) = -49*p - 9. Let o be h(-4). Calculate the greatest common divisor of o and w.
17
Let l(p) = -p + 12. Let a be l(-9). Calculate the greatest common factor of 21 and a.
21
Suppose -z = -2*z + 2*n + 126, 621 = 5*z - n. What is the highest common factor of z and 31?
31
Let z be 35 + 1 + (2 - 3). What is the greatest common factor of 5 and z?
5
Suppose d - 1866 = -5*o, o + 2*d = 3*o - 756. Calculate the greatest common divisor of 34 and o.
34
Let x = -2 + 3. Let m be x/(-3) - (-14)/(-3). Let d be 2/10 - 424/m. Calculate the greatest common factor of d and 34.
17
Let i = 22 - 12. Suppose -2*o + 8 = -6*o, -2*f + o = -i. Suppose -s = f*s - 660. What is the greatest common divisor of 12 and s?
12
Let s be (-1)/(-4) + 7/4. Suppose a = -2*a + 9. Suppose -a*j - 5*w = -22, -2*j - 3*w = -8*w + 2. Calculate the highest common factor of s and j.
2
Suppose 144 = -4*q - 2*m, -5*q - 4*m = -7*m + 191. Let g = 61 + q. What is the highest common divisor of g and 36?
12
Suppose 0 = -2*p - 2*p + 16. Suppose -s + t + 14 = 0, 82 = 3*s + 2*s - 2*t. Let m = s + 2. What is the highest common divisor of m and p?
4
Let i(g) = -2*g**2 - 3*g + 2. Let p(h) = h**2 + 3*h - 1. Let k(y) = -2*i(y) - 3*p(y). Let d be k(-2). What is the highest common factor of 81 and d?
9
Suppose -2*j + 39 = -5. Suppose m = 4*o + 16 + 6, j = m - 2*o. Suppose -2*u + u = -55. Calculate the highest common factor of u and m.
11
Suppose 5*o + 4*b = 134, -2*o + 0*o - 5*b = -40. Calculate the highest common factor of 40 and o.
10
Suppose -2 = -4*f + 46. Suppose 3*n - 106 = 4*k, -4*k - 98 = -3*n - 2*k. What is the highest common factor of n and f?
6
Let o(c) = 23*c**3 - c**2 + 1. Let z be o(-1). Suppose 3*f + a = -2*f + 187, 5*a + 167 = 4*f. Let r = z + f. Calculate the highest common divisor of r and 30.
15
Suppose 0 = 3*u - 3 - 3. What is the highest common factor of 18 and u?
2
Let n(u) = 5*u + 5. Let h be n(4). Let m = 4 + 7. Suppose -10*q - 225 = -m*q. What is the highest common divisor of h and q?
25
Suppose -x + 5 = -4. What is the highest common factor of x and 3?
3
Suppose 0*m + 15 = -5*m - 5*z, -m + 12 = -2*z. Suppose j = -2*g - 6, 5*j + 5*g + m = -3. Calculate the greatest common factor of 28 and j.
4
Suppose 4*l - 4 - 36 = 0. Suppose j + 2*w + 8 = 0, j + 0*j - 4*w = 4. Let t = j + l. What is the greatest common divisor of t and 15?
3
Suppose 0 = 2*w + 16 - 2. Let k(t) = t**2 + 7*t + 2. Let l be k(w). Suppose l*z + 188 = 4*m + z, m - 28 = 5*z. What is the highest common divisor of m and 12?
12
Let w(c) = 25*c**3 + c**2 + 4*c - 3. Let d be w(2). Suppose -50 = -3*t - 4*m + 19, 2*t - 5*m = 23. Calculate the greatest common factor of t and d.
19
Suppose 3*b - 4*t = 19, b - 5 = t - 0. Calculate the highest common divisor of b and 1.
1
Suppose 0 = -4*i - 0 - 8. Let p be i*3/(-6)*-2. Let b be -1 + (2 - 1 - p). What is the greatest common factor of b and 8?
2
Let j(u) = -u**3 - 5*u**2 - u - 3. Let r be j(-5). What is the highest common factor of 5 and r?
1
Let t be -4 - ((-1 - -3) + -3). Let d be 6 - (-1)/(-2 - t). Suppose -y - d = -2*y. What is the greatest common factor of 49 and y?
7
Let y(p) = 121*p**2 - 2*p + 1. Let z be y(1). Calculate the greatest common factor of z and 15.
15
Suppose -3*c = 3*m + 39, 2*m - 6 = c + 1. Let o = -7 - c. Calculate the greatest common factor of 4 and o.
4
Suppose -2*n + 6020 = 1906. Suppose 39 = 4*w - n. Suppose 5*x - 429 - 131 = 5*v, w = 5*x + 4*v. Calculate the greatest common factor of x and 12.
12
Let x be (-3)/18*-62*3. Let t = 43 - x. Calculate the greatest common divisor of 60 and t.
12
Suppose z - 2*p + 156 = 4*z, -z + 59 = 3*p. Calculate the greatest common divisor of 125 and z.
25
Let m(n) = -n. Let q be m(-4). Suppose 0 = q*t + 174 + 450. Let p = t + 220. Calculate the highest common factor of 16 and p.
16
Let w(j) = -88*j**3 - j**2 - j - 1. Let i be w(-1). Suppose -i = -4*q + 277. What is the greatest common factor of 13 and q?
13
Suppose c = 4*n + 11, 2*c - n - 8 = -0*n. Suppose -37 - 11 = -c*y. Calculate the highest common divisor of y and 16.
16
Let i = -10 + 14. Suppose -i*t = -18 - 22. Let n be 117/12 + 2/8. Calculate the highest common factor of n and t.
10
Let s = -47 + 61. Suppose m - 2*i + 3 = 0, -4 - 11 = -5*m + 4*i. Calculate the highest common divisor of s and m.
7
Let d(j) = 3*j**2 + 17*j + 9. Let a be d(-6). What is the highest common divisor of a and 15?
15
Let h be -3*((-114)/18 + 6). Suppose 3*v - 4*o + 9 = 21, -5*o + 7 = -v. Calculate the greatest common factor of v and h.
1
Let p = -112 + 128. What is the highest common factor of 64 and p?
16
Suppose -4*y + 18 = 2*m + 6, y = -m + 5. Calculate the highest common divisor of m and 52.
4
Let c(v) = -46*v - 6. Let k be c(-6). What is the highest common factor of 27 and k?
27
Let d be 189/(0 - 3)*-5. Calculate the highest common factor of 45 and d.
45
Let k(n) = 121*n**2 - n - 1. Let u be k(-1). What is the greatest common factor of 11 and u?
11
Suppose -90 = 19*o - 28*o. What is the highest common divisor of o and 10?
10
Let r be 16/24*(-9)/(-2). Suppose -2*b + 4 = -12. Let z = b + -6. What is the highest common divisor of z and r?
1
Let a be (-699)/(-6) + 8/16. Suppose -2*f + 52 = 2*f. What is the greatest common factor of f and a?
13
Suppose 0 = 2*l - 7 - 3. Suppose -w = -l - 43. Calculate the highest common divisor of w and 12.
12
Suppose 65 = -15*c + 260. What is the greatest common divisor of c and 39?
13
Suppose 4*r - 2*i = -4*i + 22, 4*r - 24 = -4*i. What is the greatest common divisor of 25 and r?
5
Suppose -16 = -5*g + g. Suppose -5*w - g*q = -72, -4*w + q + 72 = -3*q. Calculate the greatest common divisor of w and 128.
16
Suppose 0*u = -3*u - 24. Suppose 4*m + 16 = 0, h + 2*m + 6 = m. Let o be (h/4)/(4/u). What is the highest common factor of o and 2?
1
Let l = 1 - 2. Let w = 4 + l. Suppose w*x + 2*x - 20 = 0. What is the greatest common factor of 12 and x?
4
Let g = -40 - -46. Calculate the highest common divisor of 4 and g.
2
Suppose -2*t + 3*s + 2*s = -160, -4*s = 0. Suppose -t = -3*g - 2*x + 7*x, -4*x - 36 = -g. Calculate the greatest common divisor of 100 and g.
20
Let b be 17/((-2 - -4) + -1). What is the greatest common factor of 68 and b?
17
Let m(w) = 4*w - 1. Let x be m(1). Let j = x - -14. Calculate the highest common factor of j and 17.
17
Let y = 7 + -5. Let a be (18/27)/(y/66). Calculate 